1518879221.
23, 577, 114451
What are the prime factors of 4186176194?
2, 107, 733, 26687
What are the prime factors of 73646822?
2, 17, 919, 2357
List the prime factors of 48217600.
2, 5, 3767
List the prime factors of 207562541.
29, 41, 174569
What are the prime factors of 2548251364?
2, 10009, 63649
What are the prime factors of 1450536381?
3, 7, 23024387
List the prime factors of 117077451.
3, 131, 297907
List the prime factors of 47483671.
457, 103903
List the prime factors of 210691580.
2, 5, 11, 353, 2713
List the prime factors of 47881492.
2, 23, 520451
List the prime factors of 78293929.
7, 733, 15259
List the prime factors of 4999751580.
2, 3, 5, 19, 1613, 2719
What are the prime factors of 3779727211?
13, 229, 1269643
List the prime factors of 1984792659.
3, 23, 131, 9547
What are the prime factors of 4844524726?
2, 23293, 103991
List the prime factors of 423771669.
3, 257, 20357
What are the prime factors of 76616695?
5, 29, 528391
List the prime factors of 17037110.
2, 5, 19, 89669
What are the prime factors of 9217139187?
3, 36913, 83233
List the prime factors of 2080566.
2, 3, 1427
List the prime factors of 2040067723.
1051, 1941073
What are the prime factors of 2166191393?
709, 3055277
What are the prime factors of 4003232757?
3, 1334410919
List the prime factors of 307157120.
2, 5, 127, 3779
What are the prime factors of 26330644?
2, 6582661
What are the prime factors of 239251058?
2, 113, 829, 1277
What are the prime factors of 235374364?
2, 23, 59, 103, 421
List the prime factors of 126194376.
2, 3, 7, 11, 23, 2969
What are the prime factors of 798990342?
2, 3, 31, 281, 15287
What are the prime factors of 877522192?
2, 37, 1482301
List the prime factors of 67202673.
3, 101, 257, 863
List the prime factors of 2224321743.
3, 7, 23, 200227
List the prime factors of 44656459.
131, 340889
List the prime factors of 799057088.
2, 12485267
What are the prime factors of 64445441?
151, 173, 2467
What are the prime factors of 6784685799?
3, 47, 211, 228049
What are the prime factors of 121434270?
2, 3, 5, 89, 45481
List the prime factors of 107116344.
2, 3, 18367
What are the prime factors of 76539511?
239, 293, 1093
List the prime factors of 3132530244.
2, 3, 7247, 12007
List the prime factors of 2810959316.
2, 11, 17, 73, 51479
What are the prime factors of 1760500543?
79, 127, 227, 773
List the prime factors of 65549076.
2, 3, 17, 321319
What are the prime factors of 35277859?
491, 71849
What are the prime factors of 15399851?
15399851
What are the prime factors of 20438381?
1567, 13043
List the prime factors of 1123843470.
2, 3, 5, 107, 350107
List the prime factors of 292344920.
2, 5, 7, 17, 61417
List the prime factors of 7520845805.
5, 11, 73, 199, 9413
List the prime factors of 668482675.
5, 7, 3819901
What are the prime factors of 46231635?
3, 5, 53, 58153
What are the prime factors of 1281423925?
5, 571, 89767
What are the prime factors of 41318730?
2, 3, 5, 19, 73, 331
List the prime factors of 1046325780.
2, 3, 5, 2411
What are the prime factors of 2739350262?
2, 3, 11, 53, 783119
List the prime factors of 870255352.
2, 2417, 45007
List the prime factors of 4937926997.
113, 1487, 29387
What are the prime factors of 303465162?
2, 3, 7, 11, 13, 50527
What are the prime factors of 30918825?
3, 5, 7, 67, 293
What are the prime factors of 17960345?
5, 13, 47, 5879
List the prime factors of 152516173.
19, 1931, 4157
List the prime factors of 496204657.
13, 38169589
What are the prime factors of 1476636306?
2, 3, 59, 4171289
What are the prime factors of 100278051?
3, 33426017
List the prime factors of 342520248.
2, 3, 7, 37, 55103
What are the prime factors of 73490244?
2, 3, 23, 266269
What are the prime factors of 74815698?
2, 3, 103, 121061
List the prime factors of 43858895.
5, 17, 149, 3463
List the prime factors of 4131774099.
3, 577, 795643
List the prime factors of 3477989324.
2, 31, 28048301
What are the prime factors of 481739442?
2, 3, 31, 97, 26701
What are the prime factors of 4500676675?
5, 11, 135257
What are the prime factors of 124884135?
3, 5, 23, 120661
List the prime factors of 110119075.
5, 11, 59, 617
List the prime factors of 228641678.
2, 31, 3687769
What are the prime factors of 638422990?
2, 5, 19, 31, 107, 1013
What are the prime factors of 1703127779?
17, 1187, 84401
What are the prime factors of 1410170116?
2, 103, 307, 11149
What are the prime factors of 86322897?
3, 9591433
List the prime factors of 456497393.
11, 683, 60761
What are the prime factors of 4676853?
3, 17, 91703
List the prime factors of 141058339.
31, 619, 7351
List the prime factors of 21807641.
271, 80471
What are the prime factors of 1319286606?
2, 3, 11, 19989191
List the prime factors of 4125695359.
19, 83, 7247
What are the prime factors of 845272800?
2, 3, 5, 39133
What are the prime factors of 529198626?
2, 3, 11, 541, 14821
What are the prime factors of 169818834?
2, 3, 28303139
List the prime factors of 347326254.
2, 3, 11, 1754173
What are the prime factors of 4723773530?
2, 5, 7, 67482479
List the prime factors of 654684321.
3, 218228107
List the prime factors of 189372630.
2, 3, 5, 317, 19913
List the prime factors of 4046461511.
4046461511
List the prime factors of 7016631540.
2, 3, 5, 1319, 88661
List the prime factors of 2097197318.
2, 2357, 444887
List the prime factors of 15544237.
31, 501427
What are the prime factors of 12499165?
5, 7, 17, 3001
List the prime factors of 162495006.
2, 3, 27082501
List the prime factors of 1205006905.
5, 241001381
List the prime factors of 200139550.
2, 5, 13, 163, 1889
What are the prime factors of 605769909?
3, 201923303
What are the prime factors of 124280665?
5, 24856133
What are the prime factors of 2480879638?
2, 61, 293, 69403
What are the prime factors of 734551857?
3, 13, 53, 118457
List the prime factors of 33583849.
13, 19, 10459
What are the prime factors of 3104949329?
3104949329
What are the prime factors of 426114154?
2, 179, 1190263
What are the prime factors of 7388268?
2, 3, 17, 36217
List the prime factors of 31789916.
2, 29, 79, 3469
List the prime factors of 413123992.
2, 19, 2717921
List the prime factors of 131845015.
5, 31, 850613
List the prime factors of 934102574.
2, 131, 3565277
List the prime factors of 19767779.
383, 51613
List the prime factors of 27160675.
5, 29, 37463
List the prime factors of 157596670.
2, 5, 7, 11, 59, 3469
What are the prime factors of 364462549?
11, 1597, 20747
List the prime factors of 2073360487.
11, 188487317
List the prime factors of 134264057.
421, 318917
List the prime factors of 655850643.
3, 7, 47, 71, 191
What are the prime factors of 319120124?
2, 17, 19, 23, 10739
What are the prime factors of 391901720?
2, 5, 7, 463, 3023
What are the prime factors of 380501490?
2, 3, 5, 12683383
What are the prime factors of 14402918?
2, 71, 101429
List the prime factors of 70255081.
13, 29, 331, 563
List the prime factors of 2884287502.
2, 101, 179, 79769
What are the prime factors of 437639788?
2, 2767, 39541
What are the prime factors of 7241645380?
2, 5, 17, 281, 75797
List the prime factors of 348006392.
2, 43500799
List the prime factors of 847344883.
7, 11, 11004479
What are the prime factors of 197669087?
7, 11, 366733
What are the prime factors of 206885922?
2, 3, 211, 163417
List the prime factors of 1484579963.
1484579963
List the prime factors of 1020591.
3, 11, 13, 61
List the prime factors of 344833606.
2, 13, 29, 457339
What are the prime factors of 2007724837?
17, 118101461
List the prime factors of 3941269.
211, 18679
What are the prime factors of 56251822?
2, 11, 29, 88169
What are the prime factors of 1728428739?
3, 29, 53, 374849
List the prime factors of 3080552704.
2, 61, 197269
List the prime factors of 57827533.
2767, 20899
What are the prime factors of 809434393?
59, 13719227
List the prime factors of 2036597455.
5, 1129, 360779
List the prime factors of 18427341.
3, 1907, 3221
List the prime factors of 759968681.
759968681
What are the prime factors of 2338628116?
2, 11, 53150639
What are the prime factors of 125107633?
7, 2553217
List the prime factors of 210928706.
2, 461, 228773
What are the prime factors of 191125473?
3, 7, 11, 53, 67, 233
What are the prime factors of 155459392?
2, 11, 23, 9601
List 